d be s(0). What is the greatest common divisor of d and 31?
31
Let s(f) = -f - 1. Let u be s(-7). Suppose 3*i - 5*i = -u. What is the greatest common factor of 2 and i?
1
Let c be (2 - -8) + (-3 - -4). Calculate the greatest common factor of c and 33.
11
Suppose w = 4*k + 11, -2*w - 2 = 4*k - 0*w. Let s(z) = 4*z**2 + 2*z. Let o be s(k). Suppose -503 = -3*v - 143. What is the greatest common divisor of o and v?
12
Let g(w) = 2*w - 1. Let t be g(3). Suppose t*p = 4*p + 5. What is the greatest common divisor of p and 55?
5
Suppose -20 = 3*d - 8*d. Let w(t) = t**3 - 4*t**2. Let c be w(d). Suppose 70 = 2*k - 2*m, k - 5*m - 12 - 3 = c. Calculate the highest common factor of 16 and k.
8
Suppose 0 = -z - 2 + 4. Suppose s = -s + r + 21, -s = z*r - 13. Let w(q) = -35*q - 54. Let x be w(-5). What is the greatest common divisor of x and s?
11
Let f be 54/4 - (-3)/6. Calculate the highest common divisor of 14 and f.
14
Let j(a) = 2*a - 3. Let x be j(7). Let v(z) = 122*z**3 - z**2. Let l be v(1). What is the highest common factor of l and x?
11
Suppose -4*o = -4*y - 16, 5 = -2*y + o - 1. Let v be (4/3)/(y/(-30)). Calculate the highest common factor of 50 and v.
10
Let i be (-1 - 8)*(-8)/(-12). Let t be (3 + i/(-3))*5. Suppose -u - 10 = -f, 5*f + 4*u - 3*u = 20. What is the highest common factor of t and f?
5
Let o be -1*(-2 + 3 + -4). Let k(f) = -3*f + 6. Let s be k(-9). What is the highest common factor of s and o?
3
Let r be 122/16 - 36/(-96). Calculate the highest common factor of r and 16.
8
Suppose 2*w = 5*w - 2*o - 27, 4*o = -4*w + 56. Suppose -z = -w - 10. What is the highest common factor of 7 and z?
7
Let f = -34 - -70. Calculate the greatest common divisor of f and 54.
18
Let l = 811 + -558. Let b = 109 + -86. Calculate the greatest common divisor of l and b.
23
Suppose -11 = -5*m + 2*l, 0*l + 5*l + 14 = -m. Let a be 36/16 + m/(-4). What is the highest common divisor of a and 8?
2
Let f(k) = 2*k**2 - 9*k + 8. Let h be f(4). Let t = 0 + 2. What is the greatest common divisor of t and h?
2
Let o(i) = -5*i. Let v be o(-2). Suppose 0 = -l + 1 + v. Suppose 4*k = k + 99. What is the greatest common divisor of l and k?
11
Let c = -93 - -109. Let t be (-166)/(-7) + 4/14. What is the highest common factor of c and t?
8
Suppose -5*t - 4*z - 12 = -47, -2*z = 0. Let k = t - -4. Suppose 26 = 4*i + 3*p - 18, 0 = 4*i - 2*p - 44. What is the greatest common factor of i and k?
11
Let p = -2 + -2. Let y be (-25)/p + (-1)/4. Calculate the highest common factor of y and 6.
6
Let y be (10 + 0 - (-2 + 2))*7. Calculate the highest common divisor of y and 10.
10
Suppose -4*c + 5*f - 361 = 0, 5*f + 6 + 9 = 0. Let u = -177 + 123. Let n = u - c. Calculate the greatest common factor of 10 and n.
10
Let o(r) = r**2 + r + 2. Let s be o(-2). What is the greatest common factor of 4 and s?
4
Let p be ((-8)/10)/(1/(-85)). Suppose -3*v + 4*d = 20 - 118, -2*d = -2*v + p. Calculate the greatest common factor of 95 and v.
19
Suppose 0 = 21*f - 2036 - 2836. What is the greatest common divisor of 8 and f?
8
Let c(g) = 3*g**2 - 2*g - 2. Let u be c(-1). Let w be ((-1)/(-2))/(u/42). What is the greatest common factor of w and 56?
7
Suppose 2*w + 3 = 3*w. Suppose 4 = 4*u - w*l - l, -5*l + 9 = 2*u. Suppose 2*a = a + 18. Calculate the greatest common factor of a and u.
2
Let c be ((-15)/9 - -2)*9. Let g(h) = 6*h**2 + 5*h - 3. Let x be g(c). Calculate the highest common factor of x and 44.
22
Let l be -12 - (-1 + 0)*0. Let x be (-34 + 1)*4/l. Suppose 0 = 5*h - 53 - 167. Calculate the greatest common divisor of h and x.
11
Let k be (-1)/(6/(-5) - -1). Suppose 0 = c - k + 1. Let s be c/6*27/2. Calculate the greatest common factor of 9 and s.
9
Let a = 47 - 45. Calculate the greatest common factor of a and 18.
2
Let r(s) = -2*s**3 + 2*s**2 - s + 2. Let w be r(-3). Suppose 179 + w = i. Let t = -146 + i. What is the highest common factor of t and 10?
10
Suppose 3*n = -2*f + f + 61, 4*f = -5*n + 265. Suppose -405 - f = -5*b. What is the highest common divisor of 38 and b?
19
Let q(r) = 13*r**3 - 2*r**2 + 2*r - 1. Let g be (4/(-8))/(1/(-12)). Suppose 0 = c - g*c + 5. Let j be q(c). What is the greatest common divisor of 3 and j?
3
Let w be (-5793)/4 - 1/(-4). Let n be 2/(-3) - w/12. Suppose 0*r - 4*r = -n. Calculate the greatest common factor of r and 75.
15
Suppose -w - 420 = -6*w. What is the greatest common divisor of 42 and w?
42
Suppose 2*w - 86 = 4*g, -3*w + 9*g - 4*g + 130 = 0. Suppose -3*u = 2*u - w. Suppose 0 = -0*q + 5*q - 15. Calculate the greatest common factor of u and q.
3
Suppose 2*z + 112 - 30 = 2*l, 47 = l + z. Let b be l - 1*(-1 + 1). Calculate the highest common divisor of b and 110.
22
Let w = -3 - -6. Let r = 20 + -17. What is the highest common divisor of w and r?
3
Let w(m) = 6 + 8 + 4. Let n(p) = p + 19. Let j(d) = 6*n(d) - 7*w(d). Let q be j(8). What is the greatest common factor of q and 4?
4
Let n = 84 + -63. Let f(s) = 2*s + 1. Let q be f(1). Calculate the greatest common divisor of q and n.
3
Suppose -93 = -4*o + y, -2*y - 64 = -4*o + 26. What is the highest common factor of o and 12?
12
Suppose -5*a + 2*o - 2 = -0*o, -a + 4 = 4*o. Let h be a - -3 - (-116)/4. Calculate the greatest common divisor of 48 and h.
16
Suppose -u = -3 - 3. Let d be (-2)/u - (-7)/3. Suppose 0*g + 2*g + 5*n - 4 = 0, 3*g - 6 = n. Calculate the highest common divisor of g and d.
2
Suppose 0 = 2*i - 0*i - 144. Let t be 133/(-5) - (-6)/(-15). Let l = -9 - t. What is the greatest common divisor of l and i?
18
Let v be (-6)/(-4) - 2862/(-36). Calculate the highest common divisor of 135 and v.
27
Suppose 0 = 2*n + 10, 3*n - 2 = -2*p + 23. Let i = 130 + -125. Suppose 4*r - 18 = -u + 3*r, p = i*r. What is the highest common factor of 2 and u?
2
Let y be (-3)/(-5) - 276/60. Let d be (-3)/(-1) - (y + -12). Let q(z) = z**2 + z + 19. Let m be q(0). Calculate the greatest common divisor of d and m.
19
Let z(j) = j + 8 + 0*j - 3. Let i be z(-5). Suppose i*k + 32 = 4*k. What is the greatest common factor of k and 40?
8
Let j be (-8)/10*15/(-3). Suppose 0 = -2*v + 2*z + z + 23, -4*z - j = 0. Let m be ((-25)/v)/((-2)/4). What is the highest common divisor of 55 and m?
5
Let a(v) = -v**3 + 7*v**2 + 2*v - 7. Let s be a(7). Suppose -109 = -2*z - 3*n, -3*z + 163 = 2*n + 3*n. Calculate the highest common divisor of s and z.
7
Let z(r) = r**2 + r + 2. Let p be z(-3). Suppose -p = 5*h - 4*h. Let d(l) = -23*l - 8. Let c be d(h). Calculate the highest common factor of c and 16.
16
Let n(q) = 5*q - 5. Let m be n(3). Let x be ((-12)/8)/((-3)/20). Calculate the highest common factor of x and m.
10
Let y(h) = -h**2 + 4. Let t be y(0). Suppose 2 = n - t. Calculate the greatest common factor of 6 and n.
6
Let y be 2/(-11) - 72/(-33). Suppose 4*w - w - 31 = 4*n, -2*w + n + 14 = 0. What is the greatest common factor of y and w?
1
Let x = 16 + 9. What is the highest common divisor of 125 and x?
25
Let q(n) = -28*n + 1. Let t be q(4). Suppose 468 = -5*u - 312. Let m = t - u. Calculate the highest common divisor of m and 5.
5
Suppose 0 = -4*q - m + 183, -3*q - 7*m + 2*m + 116 = 0. Let f = q + -13. Calculate the highest common factor of f and 17.
17
Let m(b) = b**2 - 18*b + 39. Let y be m(16). What is the greatest common factor of 119 and y?
7
Let x be 2*(0 - (-25)/(-2)). Let k = -10 - x. Calculate the highest common factor of 3 and k.
3
Suppose -k = 3*t - 0*k - 14, 5*k + 6 = 4*t. Calculate the highest common divisor of t and 1.
1
Suppose 0 = -5*f + 31 + 14. Suppose -w - 2*g + 67 = 0, 3*g - 187 = -3*w + 4*g. Calculate the greatest common divisor of f and w.
9
Let z(k) = k**2 - 9*k + 11. Let f be z(8). Let o(d) = 9*d - 1. Let l be o(f). What is the highest common factor of 65 and l?
13
Let d = 212 - 42. What is the highest common divisor of 68 and d?
34
Suppose 4*i = -2*f + 7 + 1, 5*f - 5 = -5*i. Suppose -i*j + 4*c = -10, 4*j + c = 3*j + 15. What is the greatest common factor of 10 and j?
10
Let z = 6 + -2. Let c = 2 + z. Calculate the greatest common factor of c and 3.
3
Let t(q) = -2*q - 14. Let w be t(-13). What is the highest common factor of w and 96?
12
Let f(k) = -k**2 + 12*k - 2. Let d be f(5). What is the greatest common divisor of d and 3?
3
Suppose -6*s + 2 + 4 = 0. Suppose 0 = -2*r + 6*r - 4. Calculate the highest commo